of 3678978 and 42.
6
What is the highest common factor of 4749891889 and 31?
31
Calculate the highest common factor of 54728 and 2152.
8
What is the highest common factor of 133 and 3392606?
7
Calculate the greatest common divisor of 56481 and 19108.
281
What is the greatest common divisor of 922523 and 288904?
3283
What is the greatest common divisor of 49228 and 965901?
397
Calculate the highest common divisor of 306735 and 51545.
845
What is the greatest common factor of 970 and 16587485?
485
What is the highest common factor of 24360733 and 281?
281
Calculate the greatest common divisor of 9703800 and 400.
200
What is the highest common divisor of 688 and 3468208?
688
What is the highest common divisor of 1366244 and 10384?
44
Calculate the greatest common divisor of 201526 and 92989.
299
Calculate the greatest common factor of 18644770 and 19450.
3890
What is the greatest common factor of 391628260 and 10?
10
Calculate the greatest common factor of 2444 and 13194480.
52
What is the highest common divisor of 304811 and 23283?
13
Calculate the highest common divisor of 48 and 18237675.
3
Calculate the highest common divisor of 19504233 and 10068.
2517
Calculate the highest common factor of 211755 and 124203.
57
What is the highest common divisor of 333656752 and 704?
176
Calculate the highest common divisor of 8772984 and 1749.
1749
What is the greatest common factor of 2278 and 84604250?
134
What is the highest common factor of 515673 and 907337?
269
Calculate the highest common divisor of 350 and 29101618.
14
Calculate the highest common divisor of 4365819 and 459.
27
What is the greatest common divisor of 438074 and 110432?
406
What is the highest common divisor of 12160 and 3585870?
190
Calculate the greatest common factor of 2763 and 12623533.
307
Calculate the greatest common divisor of 25385472 and 9.
9
What is the highest common divisor of 160 and 577370000?
80
Calculate the greatest common factor of 48 and 155789544.
24
What is the greatest common factor of 269 and 209424301?
269
Calculate the greatest common factor of 8964105 and 405.
15
Calculate the highest common factor of 50741307 and 331.
331
What is the highest common factor of 49985525 and 47464?
5933
Calculate the greatest common divisor of 129896 and 22152.
104
Calculate the greatest common factor of 560633 and 57461.
1553
Calculate the highest common factor of 6370 and 136162.
26
Calculate the greatest common divisor of 3136276 and 4576.
572
Calculate the highest common divisor of 81 and 897701940.
81
Calculate the greatest common divisor of 9936 and 57615552.
3312
What is the highest common divisor of 54 and 900578358?
54
Calculate the highest common factor of 923136 and 504.
24
What is the greatest common factor of 624 and 4715334?
78
What is the greatest common divisor of 601837782 and 12?
6
What is the greatest common divisor of 7092 and 4794?
6
Calculate the highest common divisor of 424 and 3082586.
106
What is the highest common divisor of 918267 and 2995?
599
Calculate the highest common divisor of 41592750 and 1500.
750
Calculate the greatest common divisor of 2294599 and 505088.
1973
Calculate the greatest common factor of 8214600 and 150.
150
Calculate the greatest common factor of 7640457 and 23859.
33
What is the highest common divisor of 2438 and 38849530?
2438
What is the highest common divisor of 22 and 937695?
11
What is the greatest common factor of 7935 and 2129340?
345
What is the highest common factor of 151 and 327749879?
151
What is the highest common divisor of 111054419 and 483?
161
Calculate the greatest common factor of 3 and 7422099.
3
Calculate the greatest common divisor of 2150118510 and 474.
474
What is the greatest common divisor of 12488544 and 18?
18
What is the greatest common factor of 231 and 60599462?
77
Calculate the highest common divisor of 20569 and 114436.
67
Calculate the greatest common factor of 106 and 26280050.
106
What is the greatest common factor of 784 and 16108148?
28
What is the highest common factor of 13462500 and 25500?
1500
What is the greatest common factor of 1026088 and 3258136?
4088
Calculate the greatest common factor of 208874 and 524357.
181
Calculate the greatest common divisor of 106307882 and 296.
74
Calculate the highest common factor of 8241912 and 336.
168
Calculate the greatest common divisor of 8957898 and 162.
54
What is the greatest common factor of 40 and 56666965?
5
What is the highest common divisor of 543 and 720364977?
543
Calculate the highest common divisor of 19064 and 215377923.
2383
What is the highest common divisor of 894 and 1577758467?
447
What is the greatest common divisor of 986 and 183754904?
986
What is the greatest common factor of 70 and 84510?
10
Calculate the highest common divisor of 4541679 and 18.
9
Calculate the greatest common divisor of 68112 and 49302768.
2064
What is the highest common divisor of 129511 and 676097?
67
What is the greatest common factor of 105975 and 757600?
25
Calculate the highest common factor of 222 and 144675476.
74
Calculate the highest common factor of 13014854 and 31.
31
What is the highest common factor of 4992 and 687804?
156
Calculate the highest common divisor of 864 and 28564656.
48
What is the greatest common factor of 1106 and 20146?
14
Calculate the greatest common divisor of 1169020 and 482.
2
Calculate the highest common divisor of 1095 and 10131305.
365
What is the greatest common divisor of 2337767 and 3464?
433
What is the greatest common divisor of 3419144 and 19832?
536
Calculate the greatest common factor of 18734 and 1957057.
323
Calculate the greatest common divisor of 112 and 18725224.
56
Calculate the highest common divisor of 110 and 59135270.
10
Calculate the greatest common divisor of 55 and 140533525.
55
Calculate the highest common factor of 1624860 and 1377.
1377
Calculate the greatest common factor of 1066 and 31445770.
82
What is the greatest common factor of 254 and 77518387?
127
Calculate the highest common factor of 727582 and 8.
2
What is the greatest common factor of 3814 and 5904?
2
Calculate the greatest common factor of 88 and 13354066.
22
Calculate the highest common divisor of 8820150 and 38892.
2778
Calculate the greatest common factor of 3374696 and 32.
8
Calculate the highest common divisor of 1245 and 3727945.
415
What is the greatest common factor of 3843 and 56567?
7
What is the highest common divisor of 12538092 and 290?
58
Calculate the highest common factor of 3835 and 1240655.
65
Calculate the greatest common divisor of 6507 and 5024127.
723
What is the greatest common factor of 228 and 32076750?
114
Calculate the highest common factor of 15876297 and 6.
3
Calculate the highest common divisor of 18200 and 15668744.
728
Calculate the highest common factor of 40 and 25805240.
40
What is the greatest common factor of 8254164 and 96?
12
Calculate the highest common divisor of 1198406 and 1562750.
1786
What is the greatest common factor of 29774983 and 4916?
1229
What is the highest common divisor of 33401727 and 162?
81
What is the greatest common factor of 4019099137 and 4181?
4181
Calculate the highest common factor of 2388 and 617521278.
1194
What is the greatest common factor of 163102367 and 633?
211
What is the highest common factor of 52758 and 172962?
54
What is the greatest common factor of 947889454 and 1676?
838
Calculate the highest common factor of 52 and 25496.
4
What is the highest common divisor of 333676 and 4148?
68
What is the greatest common factor of 13672416 and 256?
32
What is the greatest common factor of 479832 and 105048?
24
Calculate the greatest common factor of 20230 and 397.
1
What is the greatest common factor of 146 and 71007173?
73
Calculate the highest common factor of 129939 and 56.
1
What is the highest common factor of 5250375 and 35?
5
What is the highest common divisor of 8130 and 414?
6
What is the greatest common divisor of 5072665751 and 17?
17
Calculate the highest common divisor of 26781963 and 2679.
2679
Calculate the highest common factor of 10169445 and 9051.
1293
What is the greatest common divisor of 850 and 5014700?
50
What is the greatest common divisor of 14184485 and 2065?
2065
What is the greatest common divisor of 1758245 and 1?
1
What is t